mon divisor of 42 and 578319.
21
What is the greatest common factor of 16882 and 71198?
734
Calculate the greatest common factor of 42277 and 5561.
67
Calculate the greatest common divisor of 29363 and 2.
1
What is the greatest common divisor of 70277 and 279?
31
Calculate the greatest common divisor of 167558 and 9154.
398
What is the highest common divisor of 861 and 1053577?
287
What is the highest common factor of 1176 and 15756?
12
What is the greatest common divisor of 12877 and 3423?
163
What is the greatest common factor of 5 and 1807205?
5
Calculate the greatest common factor of 3500 and 820.
20
Calculate the highest common factor of 28809 and 5940.
297
Calculate the highest common divisor of 11557 and 56.
7
What is the highest common factor of 2004 and 924?
12
What is the greatest common factor of 7448 and 490?
98
What is the highest common divisor of 2405 and 740?
185
What is the greatest common factor of 320 and 14920?
40
What is the highest common factor of 9072 and 161?
7
Calculate the highest common factor of 80586 and 5402.
74
What is the highest common factor of 6 and 10671?
3
What is the highest common divisor of 169974 and 684?
342
Calculate the highest common factor of 12036 and 4964.
68
What is the highest common factor of 6450 and 18?
6
Calculate the highest common divisor of 1443 and 29193.
111
Calculate the highest common divisor of 354843 and 801.
801
What is the greatest common divisor of 48396 and 49728?
444
What is the highest common factor of 16648 and 40?
8
What is the highest common divisor of 442 and 2683382?
442
What is the greatest common divisor of 130896 and 303?
303
Calculate the greatest common factor of 297 and 10923.
33
Calculate the greatest common divisor of 65500 and 1350.
50
What is the highest common divisor of 1114568 and 728?
728
Calculate the greatest common factor of 7 and 82831.
7
Calculate the greatest common factor of 334 and 1298926.
334
What is the greatest common factor of 1021729 and 1426?
713
What is the highest common factor of 34894 and 2629?
239
What is the greatest common divisor of 1077090 and 840?
210
Calculate the greatest common factor of 10 and 4512690.
10
What is the greatest common factor of 11913 and 14421?
627
What is the greatest common factor of 834 and 26?
2
What is the greatest common divisor of 1280 and 19456?
256
Calculate the highest common factor of 47 and 95316.
47
What is the greatest common factor of 748 and 136?
68
Calculate the highest common divisor of 76 and 14860128.
76
What is the highest common divisor of 1800 and 63800?
200
What is the greatest common factor of 4182057 and 1485?
297
Calculate the greatest common factor of 323 and 395029.
323
Calculate the highest common divisor of 772544 and 192.
64
Calculate the highest common divisor of 18194 and 264.
22
Calculate the highest common divisor of 12166 and 462.
154
What is the highest common factor of 4289056 and 32?
32
Calculate the greatest common divisor of 85556 and 14308.
292
Calculate the highest common divisor of 712 and 1088.
8
Calculate the highest common divisor of 69 and 1937819.
23
Calculate the highest common divisor of 441472 and 128.
128
What is the greatest common divisor of 47688 and 120?
24
What is the greatest common factor of 56 and 145474?
14
What is the highest common factor of 1579274 and 2330?
466
Calculate the highest common divisor of 2862 and 17649.
477
Calculate the greatest common factor of 368361 and 54.
27
What is the highest common factor of 169935 and 15?
15
Calculate the highest common factor of 34402 and 3605.
103
What is the highest common divisor of 4233 and 2241?
249
What is the highest common factor of 64448 and 352?
32
What is the highest common factor of 266 and 118678?
14
What is the greatest common factor of 175 and 24125?
25
Calculate the greatest common factor of 266 and 500990.
14
Calculate the greatest common factor of 11286 and 464398.
418
Calculate the greatest common factor of 320 and 171520.
320
Calculate the greatest common factor of 353619 and 2835.
189
What is the highest common divisor of 69 and 3768?
3
Calculate the greatest common factor of 38 and 15646.
2
What is the highest common divisor of 569 and 3399775?
569
What is the greatest common factor of 45255 and 8946?
21
Calculate the highest common factor of 27342 and 80538.
186
Calculate the greatest common divisor of 100 and 259850.
50
What is the highest common divisor of 15745 and 13065?
335
Calculate the greatest common factor of 251 and 480163.
251
What is the highest common factor of 34623 and 18?
9
Calculate the highest common divisor of 3388 and 109868.
484
What is the greatest common divisor of 8 and 279178?
2
What is the greatest common divisor of 146680 and 44080?
760
Calculate the greatest common divisor of 22980 and 1070.
10
Calculate the highest common factor of 1704 and 40380.
12
Calculate the greatest common factor of 1645 and 138885.
235
Calculate the greatest common divisor of 153234 and 474.
6
What is the highest common divisor of 10062 and 299?
13
What is the greatest common divisor of 64 and 3496544?
32
Calculate the greatest common factor of 19098 and 18.
18
What is the highest common divisor of 9861 and 99?
3
What is the greatest common factor of 82 and 88273?
41
Calculate the highest common divisor of 13662 and 836.
22
What is the greatest common factor of 18 and 12378?
6
What is the greatest common divisor of 19140 and 107580?
660
What is the highest common factor of 792 and 3960?
792
Calculate the greatest common divisor of 6572 and 5704.
124
Calculate the greatest common factor of 37 and 23273.
37
Calculate the highest common divisor of 1799 and 56.
7
What is the greatest common factor of 9269 and 253890?
403
Calculate the greatest common factor of 11956 and 1769.
61
Calculate the highest common divisor of 2672146 and 502.
502
What is the highest common factor of 340582 and 22?
22
What is the greatest common factor of 12 and 16782?
6
Calculate the highest common divisor of 14520 and 45496.
968
Calculate the greatest common divisor of 4779 and 6844.
59
Calculate the highest common divisor of 1330 and 67564.
266
What is the highest common divisor of 30969 and 888?
111
Calculate the highest common factor of 504 and 26992.
56
Calculate the greatest common divisor of 2759 and 2136.
89
Calculate the highest common factor of 111875 and 3125.
625
Calculate the greatest common factor of 301750 and 85.
85
What is the greatest common divisor of 539 and 1771?
77
What is the greatest common factor of 39426 and 102?
6
What is the greatest common divisor of 7348 and 4004?
44
What is the greatest common divisor of 11111912 and 56?
56
Calculate the greatest common factor of 4 and 141699.
1
What is the greatest common divisor of 5818 and 16?
2
Calculate the highest common divisor of 38 and 1570483.
19
Calculate the greatest common divisor of 1312 and 69864.
328
Calculate the greatest common divisor of 451849 and 87.
29
What is the greatest common divisor of 3420 and 156?
12
Calculate the greatest common divisor of 56 and 36776.
8
What is the greatest common divisor of 261666 and 1278?
18
Calculate the greatest common factor of 42686 and 28.
14
What is the greatest common divisor of 864 and 13872?
48
Calculate the greatest common factor of 4 and 162534.
2
Calculate the greatest common divisor of 80 and 659240.
40
What is the greatest common divisor of 11 and 88737?
11
Calculate the highest common factor of 538 and 25.
1
What is the greatest common factor of 306851 and 332?
83
What is the greatest common divisor of 5 and 460865?
5
Calculate the highest common factor of 138 and 83973.
69
Calculate the highest common divisor of 2960 and 50.
10
Calculate the greatest common factor of 269775 and 1980.
495
Calculate the highest common factor of 57 and 8595619.
19
What is the greatest common factor of 128401 and 26?
13
What is the highest common divisor of 357 and 6510?
21
Calculate the highest common factor of 44784 and 54.
18
Calculate the highest common divisor of 4 and 10418.
2
What is the highest common divisor of 433541 and 417?
139
Calculate the highest common factor of 56034 and 9.
9
Calculate the greatest common divisor of 680 and 410176.
136
What is the greatest common divisor of 1948